{"version":"1.0","provider_name":"FFMC 01","provider_url":"https:\/\/ffmc01.fr\/wp","author_name":"Dav'","author_url":"https:\/\/ffmc01.fr\/wp\/author\/david\/","title":"Manif le 14 AVRIL dans l'Ain - FFMC 01","type":"rich","width":600,"height":338,"html":"<blockquote class=\"wp-embedded-content\" data-secret=\"rMLCAY6VEg\"><a href=\"https:\/\/ffmc01.fr\/wp\/manif-le-14-avril-dans-lain\/\">Manif le 14 AVRIL dans l&rsquo;Ain<\/a><\/blockquote><iframe sandbox=\"allow-scripts\" security=\"restricted\" src=\"https:\/\/ffmc01.fr\/wp\/manif-le-14-avril-dans-lain\/embed\/#?secret=rMLCAY6VEg\" width=\"600\" height=\"338\" title=\"\u00ab\u00a0Manif le 14 AVRIL dans l&rsquo;Ain\u00a0\u00bb &#8212; FFMC 01\" data-secret=\"rMLCAY6VEg\" frameborder=\"0\" marginwidth=\"0\" marginheight=\"0\" scrolling=\"no\" class=\"wp-embedded-content\"><\/iframe><script type=\"text\/javascript\">\n\/* <![CDATA[ *\/\n\/*! This file is auto-generated *\/\n!function(d,l){\"use strict\";l.querySelector&&d.addEventListener&&\"undefined\"!=typeof URL&&(d.wp=d.wp||{},d.wp.receiveEmbedMessage||(d.wp.receiveEmbedMessage=function(e){var t=e.data;if((t||t.secret||t.message||t.value)&&!\/[^a-zA-Z0-9]\/.test(t.secret)){for(var s,r,n,a=l.querySelectorAll('iframe[data-secret=\"'+t.secret+'\"]'),o=l.querySelectorAll('blockquote[data-secret=\"'+t.secret+'\"]'),c=new RegExp(\"^https?:$\",\"i\"),i=0;i<o.length;i++)o[i].style.display=\"none\";for(i=0;i<a.length;i++)s=a[i],e.source===s.contentWindow&&(s.removeAttribute(\"style\"),\"height\"===t.message?(1e3<(r=parseInt(t.value,10))?r=1e3:~~r<200&&(r=200),s.height=r):\"link\"===t.message&&(r=new URL(s.getAttribute(\"src\")),n=new URL(t.value),c.test(n.protocol))&&n.host===r.host&&l.activeElement===s&&(d.top.location.href=t.value))}},d.addEventListener(\"message\",d.wp.receiveEmbedMessage,!1),l.addEventListener(\"DOMContentLoaded\",function(){for(var e,t,s=l.querySelectorAll(\"iframe.wp-embedded-content\"),r=0;r<s.length;r++)(t=(e=s[r]).getAttribute(\"data-secret\"))||(t=Math.random().toString(36).substring(2,12),e.src+=\"#?secret=\"+t,e.setAttribute(\"data-secret\",t)),e.contentWindow.postMessage({message:\"ready\",secret:t},\"*\")},!1)))}(window,document);\n\/* ]]> *\/\n<\/script>\n","description":"&nbsp; Samedi 14 Avril , tous les usagers de la route sont invit\u00e9s \u00e0 manifester leur m\u00e9contentement contre cette mesure absurde d\u2019abaisser les vitesses. Dans l\u2019Ain nous traverserons tout le d\u00e9partement jusqu\u2019\u00e0 la pr\u00e9fecture \u00e0 Bourg, il faut se mobiliser&nbsp;! Plus nombreux plus forts&nbsp;!!! Rdv \u00e0 10h au magasin Equip&rsquo; Moto 01 \u00e0 Thoiry pour &hellip; Read More &rarr;"}

&nbsp; Samedi 14 Avril , tous les usagers de la route sont invités à manifester leur mécontentement contre cette mesure absurde d’abaisser les vitesses. Dans l’Ain nous traverserons tout le département jusqu’à la préfecture à Bourg, il faut se mobiliser&nbsp;! Plus nombreux plus forts&nbsp;!!! Rdv à 10h au magasin Equip&rsquo; Moto 01 à Thoiry pour &hellip; Read More &rarr;
